/*
SQLyog Ultimate v12.5.1 (64 bit)
MySQL - 10.4.17-MariaDB : Database - sximo63
*********************************************************************
*/



CREATE DATABASE /*!32312 IF NOT EXISTS*/`sximo63` /*!40100 DEFAULT CHARACTER SET latin1 */;

USE `sximo63`;

/*Table structure for table `tb_categories` */


CREATE TABLE `tb_categories` (
  `cid` int(11) NOT NULL AUTO_INCREMENT,
  `name` varchar(255) DEFAULT NULL,
  `alias` varchar(255) DEFAULT NULL,
  `desc` varchar(255) DEFAULT NULL,
  `image` varchar(255) DEFAULT NULL,
  `active` enum('0','1') DEFAULT '1',
  PRIMARY KEY (`cid`)
) ENGINE=InnoDB AUTO_INCREMENT=2 DEFAULT CHARSET=latin1;

/*Data for the table `tb_categories` */

insert  into `tb_categories`(`cid`,`name`,`alias`,`desc`,`image`,`active`) values 
(1,'General Category','hadists','C O D E L I S T . C C','1.png','1');

/*Table structure for table `tb_comments` */


CREATE TABLE `tb_comments` (
  `commentID` int(11) NOT NULL AUTO_INCREMENT,
  `pageID` int(6) DEFAULT NULL,
  `userID` int(11) DEFAULT NULL,
  `comments` longtext DEFAULT NULL,
  `posted` datetime DEFAULT NULL,
  PRIMARY KEY (`commentID`)
) ENGINE=MyISAM AUTO_INCREMENT=22 DEFAULT CHARSET=latin1;

/*Data for the table `tb_comments` */

insert  into `tb_comments`(`commentID`,`pageID`,`userID`,`comments`,`posted`) values 
(10,50,1,'when an unknown printer took a galley of type and scrambled it to make a type specimen book. It has survived not only five centuries, but also the leap into electronic typesetting','2016-09-02 12:45:14'),
(9,47,1,'It has survived not only five centuries, but also the leap into electronic typesetting, remaining essentially unchanged. It was popularised in the 1960s with the release of Letraset sheets containing Lorem Ipsum passages, and more recently with desktop publishing software like Aldus PageMaker including versions of Lorem Ipsum','2016-08-31 02:33:19'),
(5,47,1,'It has survived not only five centuries, but also the leap into electronic typesetting, remaining essentially unchanged. It was popularised in the 1960s with the release of Letraset sheets containing Lorem Ipsum passages, and more recently with desktop publishing software like Aldus PageMaker including versions of Lorem Ipsum','2016-08-29 13:14:15'),
(8,48,4,'It has survived not only five centuries, but also the leap into electronic typesetting, remaining essentially unchanged. It was popularised in the 1960s with the release of Letraset sheets containing Lorem Ipsum passages, and more recently with desktop publishing software like Aldus PageMaker including versions of Lorem Ipsum','2016-08-30 01:23:22'),
(13,1,2,'Lorem ipsum dolor sit amet, consectetur adipiscing elit. Fusce lectus elit, tincidunt nec turpis sed, accumsan iaculis ipsum. Nulla at augue auctor, tristique erat in, ultricies nunc. Mauris eget metus leo. Ut in mi lacinia, mattis nisl non, ultrices risus. Vestibulum aliquet aliquam ipsu',NULL);

/*Table structure for table `tb_forms` */


CREATE TABLE `tb_forms` (
  `formID` int(11) NOT NULL AUTO_INCREMENT,
  `name` varchar(255) DEFAULT NULL,
  `method` enum('eav','table','email') DEFAULT 'table',
  `tablename` varchar(50) DEFAULT NULL,
  `email` varchar(225) DEFAULT NULL,
  `configuration` longtext DEFAULT NULL,
  `success` text DEFAULT NULL,
  `failed` text DEFAULT NULL,
  `redirect` text DEFAULT NULL,
  PRIMARY KEY (`formID`)
) ENGINE=MyISAM AUTO_INCREMENT=3 DEFAULT CHARSET=latin1;

/*Data for the table `tb_forms` */

insert  into `tb_forms`(`formID`,`name`,`method`,`tablename`,`email`,`configuration`,`success`,`failed`,`redirect`) values 
(2,'Contact Us','email','','myemail@mail.com','{\"surname\":{\"title\":\"Surname\",\"validation\":\"required\",\"type\":\"text\",\"param\":\"\"},\"email\":{\"title\":\"Email Address\",\"validation\":\"required|email\",\"type\":\"text\",\"param\":\"\"},\"subject\":{\"title\":\"Subject\",\"validation\":\"\",\"type\":\"text\",\"param\":\"\"},\"message\":{\"title\":\"Message\",\"validation\":\"required\",\"type\":\"textarea\",\"param\":\"\"}}','Thanks for your submission','','');

/*Table structure for table `tb_groups` */


CREATE TABLE `tb_groups` (
  `group_id` mediumint(8) unsigned NOT NULL AUTO_INCREMENT,
  `name` varchar(20) DEFAULT NULL,
  `description` varchar(100) DEFAULT NULL,
  `level` int(6) DEFAULT NULL,
  PRIMARY KEY (`group_id`)
) ENGINE=InnoDB AUTO_INCREMENT=5 DEFAULT CHARSET=utf8;

/*Data for the table `tb_groups` */

insert  into `tb_groups`(`group_id`,`name`,`description`,`level`) values 
(1,'Superadmin','Root Superadmin , should be as top level groups',1),
(2,'Administrator','Administrator level, level No 23',2),
(3,'Users','Users as registered / member',3);

/*Table structure for table `tb_groups_access` */


CREATE TABLE `tb_groups_access` (
  `id` int(6) NOT NULL AUTO_INCREMENT,
  `group_id` int(6) DEFAULT NULL,
  `module_id` int(6) DEFAULT NULL,
  `access_data` text DEFAULT NULL,
  PRIMARY KEY (`id`)
) ENGINE=InnoDB AUTO_INCREMENT=616 DEFAULT CHARSET=utf8;

/*Data for the table `tb_groups_access` */

insert  into `tb_groups_access`(`id`,`group_id`,`module_id`,`access_data`) values 
(424,1,1,'{\"is_global\":\"1\",\"is_view\":\"1\",\"is_detail\":\"1\",\"is_add\":\"1\",\"is_edit\":\"1\",\"is_remove\":\"1\",\"is_excel\":\"1\"}'),
(425,2,1,'{\"is_global\":\"1\",\"is_view\":\"1\",\"is_detail\":\"1\",\"is_add\":\"1\",\"is_edit\":\"1\",\"is_remove\":\"1\",\"is_excel\":\"1\"}'),
(426,3,1,'{\"is_global\":\"0\",\"is_view\":\"0\",\"is_detail\":\"0\",\"is_add\":\"0\",\"is_edit\":\"0\",\"is_remove\":\"0\",\"is_excel\":\"0\"}'),
(430,1,2,'{\"is_global\":\"1\",\"is_view\":\"1\",\"is_detail\":\"1\",\"is_add\":\"1\",\"is_edit\":\"1\",\"is_remove\":\"1\",\"is_excel\":\"1\"}'),
(431,2,2,'{\"is_global\":\"1\",\"is_view\":\"1\",\"is_detail\":\"1\",\"is_add\":\"1\",\"is_edit\":\"1\",\"is_remove\":\"1\",\"is_excel\":\"1\"}'),
(432,3,2,'{\"is_global\":\"0\",\"is_view\":\"0\",\"is_detail\":\"0\",\"is_add\":\"0\",\"is_edit\":\"0\",\"is_remove\":\"0\",\"is_excel\":\"0\"}'),
(439,1,11,'{\"is_global\":\"1\",\"is_view\":\"1\",\"is_detail\":\"1\",\"is_add\":\"0\",\"is_edit\":\"0\",\"is_remove\":\"1\",\"is_excel\":\"1\"}'),
(440,2,11,'{\"is_global\":\"1\",\"is_view\":\"1\",\"is_detail\":\"1\",\"is_add\":\"0\",\"is_edit\":\"0\",\"is_remove\":\"1\",\"is_excel\":\"1\"}'),
(441,3,11,'{\"is_global\":\"0\",\"is_view\":\"0\",\"is_detail\":\"0\",\"is_add\":\"0\",\"is_edit\":\"0\",\"is_remove\":\"0\",\"is_excel\":\"0\"}'),
(460,1,8,'{\"is_global\":\"1\",\"is_view\":\"1\",\"is_detail\":\"1\",\"is_add\":\"1\",\"is_edit\":\"1\",\"is_remove\":\"1\",\"is_excel\":\"0\"}'),
(461,2,8,'{\"is_global\":\"1\",\"is_view\":\"1\",\"is_detail\":\"1\",\"is_add\":\"1\",\"is_edit\":\"1\",\"is_remove\":\"1\",\"is_excel\":\"0\"}'),
(462,3,8,'{\"is_global\":\"0\",\"is_view\":\"0\",\"is_detail\":\"0\",\"is_add\":\"0\",\"is_edit\":\"0\",\"is_remove\":\"0\",\"is_excel\":\"0\"}'),
(463,1,26,'{\"is_global\":\"1\",\"is_view\":\"1\",\"is_detail\":\"1\",\"is_add\":\"1\",\"is_edit\":\"1\",\"is_remove\":\"1\",\"is_excel\":\"0\"}'),
(464,2,26,'{\"is_global\":\"0\",\"is_view\":\"0\",\"is_detail\":\"0\",\"is_add\":\"0\",\"is_edit\":\"0\",\"is_remove\":\"0\",\"is_excel\":\"0\"}'),
(465,3,26,'{\"is_global\":\"0\",\"is_view\":\"0\",\"is_detail\":\"0\",\"is_add\":\"0\",\"is_edit\":\"0\",\"is_remove\":\"0\",\"is_excel\":\"0\"}'),
(466,1,24,'{\"is_global\":\"1\",\"is_view\":\"1\",\"is_detail\":\"1\",\"is_add\":\"1\",\"is_edit\":\"1\",\"is_remove\":\"1\",\"is_excel\":\"0\"}'),
(467,2,24,'{\"is_global\":\"0\",\"is_view\":\"0\",\"is_detail\":\"0\",\"is_add\":\"0\",\"is_edit\":\"0\",\"is_remove\":\"0\",\"is_excel\":\"0\"}'),
(468,3,24,'{\"is_global\":\"0\",\"is_view\":\"0\",\"is_detail\":\"0\",\"is_add\":\"0\",\"is_edit\":\"0\",\"is_remove\":\"0\",\"is_excel\":\"0\"}'),
(538,1,21,'{\"is_global\":\"1\",\"is_view\":\"1\",\"is_detail\":\"1\",\"is_add\":\"0\",\"is_edit\":\"0\",\"is_remove\":\"1\",\"is_excel\":\"1\"}'),
(539,2,21,'{\"is_global\":\"1\",\"is_view\":\"1\",\"is_detail\":\"1\",\"is_add\":\"0\",\"is_edit\":\"0\",\"is_remove\":\"1\",\"is_excel\":\"0\"}'),
(540,3,21,'{\"is_global\":\"1\",\"is_view\":\"1\",\"is_detail\":\"1\",\"is_add\":\"0\",\"is_edit\":\"0\",\"is_remove\":\"1\",\"is_excel\":\"0\"}'),
(550,1,53,'{\"is_global\":\"1\",\"is_view\":\"1\",\"is_detail\":\"1\",\"is_add\":\"1\",\"is_edit\":\"1\",\"is_remove\":\"1\",\"is_excel\":\"1\"}'),
(551,2,53,'{\"is_global\":\"0\",\"is_view\":\"0\",\"is_detail\":\"0\",\"is_add\":\"0\",\"is_edit\":\"0\",\"is_remove\":\"0\",\"is_excel\":\"0\"}'),
(552,3,53,'{\"is_global\":\"0\",\"is_view\":\"0\",\"is_detail\":\"0\",\"is_add\":\"0\",\"is_edit\":\"0\",\"is_remove\":\"0\",\"is_excel\":\"0\"}'),
(586,1,25,'{\"is_global\":\"1\",\"is_view\":\"1\",\"is_detail\":\"1\",\"is_add\":\"1\",\"is_edit\":\"1\",\"is_remove\":\"1\",\"is_excel\":\"1\"}'),
(587,2,25,'{\"is_global\":\"1\",\"is_view\":\"1\",\"is_detail\":\"1\",\"is_add\":\"0\",\"is_edit\":\"0\",\"is_remove\":\"0\",\"is_excel\":\"0\"}'),
(588,3,25,'{\"is_global\":\"1\",\"is_view\":\"1\",\"is_detail\":\"1\",\"is_add\":\"0\",\"is_edit\":\"0\",\"is_remove\":\"0\",\"is_excel\":\"0\"}'),
(598,1,7,'{\"is_global\":\"1\",\"is_view\":\"1\",\"is_detail\":\"1\",\"is_add\":\"1\",\"is_edit\":\"1\",\"is_remove\":\"1\",\"is_excel\":\"1\"}'),
(599,2,7,'{\"is_global\":\"1\",\"is_view\":\"1\",\"is_detail\":\"1\",\"is_add\":\"1\",\"is_edit\":\"1\",\"is_remove\":\"1\",\"is_excel\":\"1\"}'),
(600,3,7,'{\"is_global\":\"0\",\"is_view\":\"0\",\"is_detail\":\"0\",\"is_add\":\"0\",\"is_edit\":\"0\",\"is_remove\":\"0\",\"is_excel\":\"0\"}');

/*Table structure for table `tb_logs` */


CREATE TABLE `tb_logs` (
  `auditID` int(20) NOT NULL AUTO_INCREMENT,
  `ipaddress` varchar(50) DEFAULT NULL,
  `user_id` int(11) DEFAULT NULL,
  `module` varchar(50) DEFAULT NULL,
  `task` varchar(50) DEFAULT NULL,
  `note` text DEFAULT NULL,
  `logdate` timestamp NOT NULL DEFAULT current_timestamp(),
  PRIMARY KEY (`auditID`)
) ENGINE=InnoDB AUTO_INCREMENT=2 DEFAULT CHARSET=latin1;

/*Data for the table `tb_logs` */

insert  into `tb_logs`(`auditID`,`ipaddress`,`user_id`,`module`,`task`,`note`,`logdate`) values 
(1,'::1',1,'core','users','ID : 6  , Has Been Removed Successfull','2021-01-27 15:06:24');

/*Table structure for table `tb_menu` */


CREATE TABLE `tb_menu` (
  `menu_id` int(11) NOT NULL AUTO_INCREMENT,
  `parent_id` int(11) DEFAULT 0,
  `module` varchar(50) DEFAULT NULL,
  `url` varchar(100) DEFAULT NULL,
  `menu_name` varchar(100) DEFAULT NULL,
  `menu_type` char(10) DEFAULT NULL,
  `role_id` varchar(100) DEFAULT NULL,
  `deep` smallint(2) DEFAULT NULL,
  `ordering` int(6) DEFAULT NULL,
  `position` enum('top','sidebar','both') DEFAULT NULL,
  `menu_icons` varchar(30) DEFAULT NULL,
  `active` enum('0','1') DEFAULT '1',
  `access_data` text DEFAULT NULL,
  `allow_guest` enum('0','1') DEFAULT '0',
  `menu_lang` text DEFAULT NULL,
  PRIMARY KEY (`menu_id`)
) ENGINE=InnoDB AUTO_INCREMENT=29 DEFAULT CHARSET=utf8;

/*Data for the table `tb_menu` */

insert  into `tb_menu`(`menu_id`,`parent_id`,`module`,`url`,`menu_name`,`menu_type`,`role_id`,`deep`,`ordering`,`position`,`menu_icons`,`active`,`access_data`,`allow_guest`,`menu_lang`) values 
(2,28,'contact-us','','Contact Us','internal',NULL,NULL,2,'top','mdi mdi-google-maps fa-fw','1','{\"1\":\"0\",\"2\":\"0\",\"3\":\"0\"}','1','{\"title\":{\"id\":\"\"}}'),
(12,28,'about-us','','About','internal',NULL,NULL,0,'top','fa','1','{\"1\":\"0\",\"2\":\"0\",\"3\":\"0\"}','1','{\"title\":{\"id\":\"\"}}'),
(17,0,'posts',NULL,'Articles','internal',NULL,NULL,1,'top',NULL,'1','{\"1\":\"0\",\"2\":\"0\",\"3\":\"0\"}','1','{\"title\":{\"id\":\"\"}}'),
(26,28,'service',NULL,'What We Do','internal',NULL,NULL,1,'top',NULL,'1','{\"1\":\"1\",\"2\":\"0\",\"3\":\"0\"}','1','{\"title\":{\"id\":\"\"}}'),
(27,0,'separator',NULL,'Main Navigation','internal',NULL,NULL,NULL,'sidebar','icon-layers','1','{\"1\":\"1\",\"2\":\"1\",\"3\":\"0\"}',NULL,'{\"title\":{\"id\":\"Dashboard\"}}'),
(28,0,'about-us',NULL,'Static Page','internal',NULL,NULL,0,'top',NULL,'1','{\"1\":\"0\",\"2\":\"0\",\"3\":\"0\"}','1',NULL);

/*Table structure for table `tb_module` */


CREATE TABLE `tb_module` (
  `module_id` int(11) NOT NULL AUTO_INCREMENT,
  `module_name` varchar(100) DEFAULT NULL,
  `module_title` varchar(100) DEFAULT NULL,
  `module_note` varchar(255) DEFAULT NULL,
  `module_author` varchar(100) DEFAULT NULL,
  `module_created` timestamp NULL DEFAULT NULL,
  `module_desc` text DEFAULT NULL,
  `module_db` varchar(255) DEFAULT NULL,
  `module_db_key` varchar(100) DEFAULT NULL,
  `module_type` char(20) DEFAULT 'native',
  `module_config` longtext DEFAULT NULL,
  `module_lang` text DEFAULT NULL,
  PRIMARY KEY (`module_id`)
) ENGINE=InnoDB AUTO_INCREMENT=59 DEFAULT CHARSET=utf8;

/*Data for the table `tb_module` */

insert  into `tb_module`(`module_id`,`module_name`,`module_title`,`module_note`,`module_author`,`module_created`,`module_desc`,`module_db`,`module_db_key`,`module_type`,`module_config`,`module_lang`) values 
(1,'users','User Lists','View All Users','Mango Tm','2013-07-10 22:46:46',NULL,'tb_users','id','core','[encoded data, 20264 characters]','{\"title\":{\"id\":\"\"},\"note\":{\"id\":\"\"}}'),
(2,'groups','Users Group','View All','Mango Tm','2013-07-10 13:45:14',NULL,'tb_groups','group_id','core','[encoded data, 4724 characters]','{\"title\":{\"id\":\"\"},\"note\":{\"id\":\"\"}}'),
(4,'module','Module Management','All module applications','Mango Tm','2013-08-25 11:58:43',NULL,'tb_module','module_id','core','[encoded data, 12300 characters]',NULL),
(7,'menu','Menu Management','Manage All Menu','Mango Tm','2014-01-06 14:50:29',NULL,'tb_menu','menu_id','core','[encoded data, 12236 characters]',NULL),
(8,'pages','Pages CMS','View all static pages','Mango Tm','2014-03-26 05:33:41',NULL,'tb_pages','pageID','core','[encoded data, 14932 characters]','{\"title\":{\"id\":\"\"},\"note\":{\"id\":\"\"}}'),
(11,'logs','Logs','Users Activity Log','Mango Tm','2014-04-22 05:59:43',NULL,'tb_logs','auditID','core','[encoded data, 7280 characters]','{\"title\":{\"id\":\"\"},\"note\":{\"id\":\"\"}}'),
(21,'notification','Notification','View my notification','Mango Tm','2015-07-09 12:20:42',NULL,'tb_notification','id','core','[encoded data, 7768 characters]',NULL),
(24,'posts','Posts Articles','View All','Mango Tm','2016-08-20 06:14:44',NULL,'tb_pages','pageID','core','[encoded data, 20912 characters]','{\"title\":{\"id\":\"\"},\"note\":{\"id\":\"\"}}'),
(25,'post','Post','View All','Mango Tm','2016-08-22 23:20:42',NULL,'tb_pages','pageID','core','[encoded data, 17208 characters]',NULL),
(26,'forms','Form Generator','View All',NULL,'2016-09-08 00:24:05',NULL,'tb_forms','formID','core','[encoded data, 10048 characters]',NULL),
(53,'rac','RestAPI Client','Data',NULL,'2016-11-24 07:57:36',NULL,'tb_restapi','id','core','[encoded data, 5568 characters]',NULL);

/*Table structure for table `tb_notification` */


CREATE TABLE `tb_notification` (
  `id` int(11) NOT NULL AUTO_INCREMENT,
  `userid` int(11) DEFAULT NULL,
  `url` varchar(255) DEFAULT NULL,
  `title` varchar(255) DEFAULT NULL,
  `note` text DEFAULT NULL,
  `created` datetime DEFAULT NULL,
  `icon` char(20) DEFAULT NULL,
  `is_read` enum('0','1') DEFAULT '0',
  `postedBy` int(11) DEFAULT NULL,
  PRIMARY KEY (`id`)
) ENGINE=InnoDB AUTO_INCREMENT=2 DEFAULT CHARSET=latin1;

/*Data for the table `tb_notification` */

insert  into `tb_notification`(`id`,`userid`,`url`,`title`,`note`,`created`,`icon`,`is_read`,`postedBy`) values 
(1,1,'#','tester',NULL,'2017-11-28 14:14:03',NULL,'1',1);

/*Table structure for table `tb_pages` */


CREATE TABLE `tb_pages` (
  `pageID` int(11) NOT NULL AUTO_INCREMENT,
  `cid` int(6) DEFAULT NULL,
  `title` varchar(255) DEFAULT NULL,
  `alias` varchar(100) DEFAULT NULL,
  `sinopsis` varchar(250) DEFAULT NULL,
  `note` text DEFAULT NULL,
  `filename` varchar(50) DEFAULT NULL,
  `headline` enum('1','0') DEFAULT NULL,
  `status` enum('enable','disable') DEFAULT 'enable',
  `access` text DEFAULT NULL,
  `allow_guest` enum('0','1') DEFAULT '0',
  `template` enum('frontend','backend') DEFAULT 'frontend',
  `metakey` varchar(255) DEFAULT NULL,
  `metadesc` text DEFAULT NULL,
  `default` enum('0','1') DEFAULT '0',
  `pagetype` enum('page','post') DEFAULT NULL,
  `labels` text DEFAULT NULL,
  `views` int(11) DEFAULT 0,
  `userid` int(11) DEFAULT NULL,
  `thumbnail` varchar(100) DEFAULT NULL,
  `cover` varchar(100) DEFAULT NULL,
  `image` varchar(255) DEFAULT NULL,
  `updated` datetime DEFAULT NULL,
  `created` datetime DEFAULT NULL,
  PRIMARY KEY (`pageID`)
) ENGINE=MyISAM AUTO_INCREMENT=86 DEFAULT CHARSET=utf8;

/*Data for the table `tb_pages` */

insert  into `tb_pages`(`pageID`,`cid`,`title`,`alias`,`sinopsis`,`note`,`filename`,`headline`,`status`,`access`,`allow_guest`,`template`,`metakey`,`metadesc`,`default`,`pagetype`,`labels`,`views`,`userid`,`thumbnail`,`cover`,`image`,`updated`,`created`) values 
(1,0,'Homepage','home','','Please edit directly at<span style=\"font-style: italic;\"> resources/views/layouts/default/template/homepage.blade.php</span><br>','homepage',NULL,'enable','{\"1\":\"1\",\"2\":\"1\",\"3\":\"1\"}','1','frontend','tet','tetet','1','page','',0,0,NULL,NULL,'','2017-10-10 03:29:00','1970-01-01 00:00:00'),
(29,0,'What We Do','service','','<section class=\"features pt-3\">\r\n    <div class=\"container\">\r\n        <div class=\"row\">\r\n            <div class=\"col-lg-12 text-center\">\r\n                <div class=\"navy-line\"></div>\r\n                <h1> What we can do </h1>\r\n                <p>Donec sed odio dui. Etiam porta sem malesuada magna mollis euismod. </p>\r\n            </div>\r\n        </div>\r\n        <div class=\"row justify-content-center\">\r\n            <div class=\"col-lg-5 col-lg-offset-1 features-text\">\r\n                <small>Sximo6</small>\r\n                <h2>Perfectly designed </h2>\r\n                <i class=\"fa fa-bar-chart big-icon float-right\"></i>\r\n                <p>Lorem ipsum dolor sit amet, consectetur adipiscing elit. Suspendisse auctor vestibulum viverra. Proin et dignissim nisl, eget pretium sapien. Cras fringilla nunc ut eros sodales, quis mollis diam interdum. Etiam sodales fermentum ante, imperdiet pharetra eros consectetur sodales. Pellentesque tincidunt sapien magna. Cras rutrum tortor mi, eu congue velit tempor sed. Vestibulum ante ipsum primis in faucibus orci luctus et ultrices posuere cubilia Curae; Proin ac massa mauris. Sed elementum rhoncus erat, tempor viverra nibh luctus sit amet..</p>\r\n            </div>\r\n            <div class=\"col-lg-5 features-text\">\r\n                <small>Sximo6</small>\r\n                <h2>Perfectly designed </h2>\r\n                <i class=\"fa fa-bolt big-icon float-right\"></i>\r\n                <p>Lorem ipsum dolor sit amet, consectetur adipiscing elit. Suspendisse auctor vestibulum viverra. Proin et dignissim nisl, eget pretium sapien. Cras fringilla nunc ut eros sodales, quis mollis diam interdum. Etiam sodales fermentum ante, imperdiet pharetra eros consectetur sodales. Pellentesque tincidunt sapien magna. Cras rutrum tortor mi, eu congue velit tempor sed. Vestibulum ante ipsum primis in faucibus orci luctus et ultrices posuere cubilia Curae; Proin ac massa mauris. Sed elementum rhoncus erat, tempor viverra nibh luctus sit amet.</p>\r\n            </div>\r\n        </div>\r\n        <div class=\"row justify-content-center\">\r\n            <div class=\"col-lg-5 col-lg-offset-1 features-text\">\r\n                <small>Sximo6</small>\r\n                <h2>Perfectly designed </h2>\r\n                <i class=\"fa fa-clock-o big-icon float-right\"></i>\r\n                <p>Lorem ipsum dolor sit amet, consectetur adipiscing elit. Suspendisse auctor vestibulum viverra. Proin et dignissim nisl, eget pretium sapien. Cras fringilla nunc ut eros sodales, quis mollis diam interdum. Etiam sodales fermentum ante, imperdiet pharetra eros consectetur sodales. Pellentesque tincidunt sapien magna. Cras rutrum tortor mi, eu congue velit tempor sed. Vestibulum ante ipsum primis in faucibus orci luctus et ultrices posuere cubilia Curae; Proin ac massa mauris. Sed elementum rhoncus erat, tempor viverra nibh luctus sit amet.</p>\r\n            </div>\r\n            <div class=\"col-lg-5 features-text\">\r\n                <small>Sximo6</small>\r\n                <h2>Perfectly designed </h2>\r\n                <i class=\"fa fa-users big-icon float-right\"></i>\r\n                <p>Lorem ipsum dolor sit amet, consectetur adipiscing elit. Suspendisse auctor vestibulum viverra. Proin et dignissim nisl, eget pretium sapien. Cras fringilla nunc ut eros sodales, quis mollis diam interdum. Etiam sodales fermentum ante, imperdiet pharetra eros consectetur sodales. Pellentesque tincidunt sapien magna. Cras rutrum tortor mi, eu congue velit tempor sed. Vestibulum ante ipsum primis in faucibus orci luctus et ultrices posuere cubilia Curae; Proin ac massa mauris. Sed elementum rhoncus erat, tempor viverra nibh luctus sit amet.</p>\r\n            </div>\r\n        </div>\r\n    </div>\r\n\r\n</section>','fullpage',NULL,'enable','{\"1\":\"1\",\"2\":\"0\",\"3\":\"0\"}','1','frontend','','','0','page','',148,0,NULL,NULL,'','2017-11-03 10:16:43','1970-01-01 00:00:00'),
(27,NULL,'About Us','about-us','','<h4>Valuable counselling requires insight.</h4>\r\n<p>We take the time to understand our clients businesses.</p>\r\n<p>Brandt & Lauritzen is a specialised Danish law firm with business-minded attorneys.</p>\r\n<p>We ensure value-creating counselling by combining our in-depth knowledge of the legal framework in Denmark and our understanding of the business side of the matters. We believe valuable counselling requires more than simply an understanding of the legal issues at hand,\r\nit also requires insight into our clients industries in a commercial context.</p>\r\n<h4> Who where are </h4>\r\n<p>We take the time to understand our clients businesses.</p>\r\n<div  id=\"about\" >\r\n    \r\n \r\n <div class=\"row\" >\r\n            <div class=\"col-sm-4 wow fadeInLeft animated\" style=\"visibility: visible; animation-name: fadeInLeft;\">\r\n                <div class=\"about\">\r\n                    <img src=\"uploads/images/about/avatar1.jpg\" class=\"avatar\" alt=\"\">\r\n                    <h4><span class=\"navy\">Amelia</span> Smith</h4>\r\n                    <p>Lorem ipsum dolor sit amet, illum fastidii dissentias quo ne. Sea ne sint animal iisque, nam an soluta sensibus. </p>\r\n                    <ul class=\"list-inline social-icon\">\r\n                        <li class=\"list-inline-item\"><a href=\"#\"><i class=\"fa fa-twitter\"></i></a>\r\n                        </li>\r\n                        <li class=\"list-inline-item\"><a href=\"#\"><i class=\"fa fa-facebook\"></i></a>\r\n                        </li>\r\n                        <li class=\"list-inline-item\"><a href=\"#\"><i class=\"fa fa-linkedin\"></i></a>\r\n                        </li>\r\n                    </ul>\r\n                </div>\r\n            </div>\r\n            <div class=\"col-sm-4\">\r\n                <div class=\"team-member wow zoomIn animated\" style=\"visibility: visible;\">\r\n                    <img src=\"uploads/images/about/avatar3.jpg\" class=\"avatar\" alt=\"\">\r\n                    <h4><span class=\"navy\">John</span> Novak</h4>\r\n                    <p>Lorem ipsum dolor sit amet, illum fastidii dissentias quo ne. Sea ne sint animal iisque, nam an soluta sensibus.</p>\r\n                    <ul class=\"list-inline social-icon\">\r\n                        <li class=\"list-inline-item\"><a href=\"#\"><i class=\"fa fa-twitter\"></i></a>\r\n                        </li>\r\n                        <li class=\"list-inline-item\"><a href=\"#\"><i class=\"fa fa-facebook\"></i></a>\r\n                        </li>\r\n                        <li class=\"list-inline-item\"><a href=\"#\"><i class=\"fa fa-linkedin\"></i></a>\r\n                        </li>\r\n                    </ul>\r\n                </div>\r\n            </div>\r\n            <div class=\"col-sm-4 wow fadeInRight animated\" style=\"visibility: visible; animation-name: fadeInRight;\">\r\n                <div class=\"team-member\">\r\n                    <img src=\"uploads/images/about/avatar2.jpg\" class=\"avatar\" alt=\"\">\r\n                    <h4><span class=\"navy\">Peter</span> Johnson</h4>\r\n                    <p>Lorem ipsum dolor sit amet, illum fastidii dissentias quo ne. Sea ne sint animal iisque, nam an soluta sensibus.</p>\r\n                    <ul class=\"list-inline social-icon\">\r\n                        <li class=\"list-inline-item\"><a href=\"#\"><i class=\"fa fa-twitter\"></i></a>\r\n                        </li>\r\n                        <li class=\"list-inline-item\"><a href=\"#\"><i class=\"fa fa-facebook\"></i></a>\r\n                        </li>\r\n                        <li class=\"list-inline-item\"><a href=\"#\"><i class=\"fa fa-linkedin\"></i></a>\r\n                        </li>\r\n                    </ul>\r\n                </div>\r\n            </div>\r\n        </div>\r\n    \r\n</div>','page',NULL,'enable','{\"1\":\"1\",\"2\":\"0\",\"3\":\"0\"}','1','frontend','','','0','page','',149,0,NULL,NULL,'','2017-11-04 00:27:32','1970-01-01 00:00:00'),
(26,NULL,'Contact Us','contact-us','','<div class=\" section bg-gray text-center\" id=\"contact\">\r\n    \r\n    <div class=\"container\">\r\n        <div class=\"section-header\">\r\n          <h2>Contact Us</h2>\r\n          <p>Sed tamen tempor magna labore dolore dolor sint tempor duis magna elit veniam aliqua esse amet veniam enim export quid quid veniam aliqua eram noster malis nulla duis fugiat culpa esse aute nulla ipsum velit export irure minim illum fore</p>\r\n        </div>\r\n\r\n        <div class=\"row contact-info\">\r\n\r\n          <div class=\"col-md-4\">\r\n            <div class=\"contact-address\">\r\n             \r\n              <h3>Address</h3>\r\n              <address>A108 Adam Street, NY 535022, USA</address>\r\n            </div>\r\n          </div>\r\n\r\n          <div class=\"col-md-4\">\r\n            <div class=\"contact-phone\">\r\n             \r\n              <h3>Phone Number</h3>\r\n              <p><a href=\"tel:+155895548855\">+1 5589 55488 55</a></p>\r\n            </div>\r\n          </div>\r\n\r\n          <div class=\"col-md-4\">\r\n            <div class=\"contact-email\">\r\n              \r\n              <h3>Email</h3>\r\n              <p><a href=\"mailto:info@example.com\">info@example.com</a></p>\r\n            </div>\r\n          </div>\r\n\r\n        </div>\r\n      </div>\r\n	<div class=\"container\">\r\n		<h1 class=\"\">Fill The Form </h1>	\r\n		<p>Lorem ipsum dolor sit amet, consectetur adipiscing elit. Suspendisse auctor vestibulum viverra. Proin et dignissim nisl, eget pretium sapien. Cras fringilla nunc ut eros sodales, quis mollis diam interdum. Etiam sodales fermentum ante, imperdiet pharetra eros consectetur sodales. Pellentesque tincidunt sapien magna. Cras rutrum tortor mi, eu congue velit tempor sed. Vestibulum ante ipsum primis in faucibus orci luctus et ultrices posuere cubilia Curae; Proin ac massa mauris. Sed elementum rhoncus erat, tempor viverra nibh luctus sit amet</p>\r\n		<p > This for build using <b> Form Generator </b> . its quite simple but yet powerfull tools for develop real applications </p>\r\n			<div style=\"text-align:left\">\r\n				[sc:Form fnc=render|id=2] [/sc] \r\n			</div>      \r\n	</div>\r\n</div>','fullpage',NULL,'enable','{\"1\":\"1\",\"2\":\"0\",\"3\":\"0\"}','1','frontend','','','0','page','',112,0,NULL,NULL,'','2017-11-03 07:41:11','1970-01-01 00:00:00'),
(46,NULL,'Privacy Policy','privacy','','[sc:Sximo fnc=render|id=comment] [/sc]<p>Lorem ipsum dolor sit amet, consectetur adipiscing elit. Ut id mauris vulputate, luctus erat et, porttitor mauris. Cras ultricies tortor tempus orci aliquam, congue congue urna molestie. Integer tristique ac sem sed tincidunt. Suspendisse mattis, tortor a elementum ullamcorper, tortor elit vestibulum mauris, quis mattis leo lorem vel quam. Nullam elementum quam et condimentum tempor. Quisque dignissim leo imperdiet sollicitudin sollicitudin. <br>oncus molestie. Nulla interdum semper magna, eu gravida lorem mollis eget. In sed viverra velit. <br></p><br>Morbi rutrum ante hendrerit, vehicula dolor at, suscipit elit. Vestibulum a mauris tristique, fermentum est nec, rutrum nibh. Duis in semper metus. Nunc maximus, ex id fringilla sagittis, nisl metus bibendum lacus, quis placerat diam quam sed justo. Nullam varius dapibus purus, et malesuada ipsum pulvinar posuere. Fusce sit amet sem tincidunt, suscipit dolor at, bibendum est. Vivamus porta in lectus sed ultrices. Nam viverra mauris a hendrerit posuere. <br><br>Donec elementum velit nisi, a eleifend augue blandit hendrerit. Donec id pulvinar est.Integer vitae orci sapien. Integer at urna lorem. Praesent nec ante suscipit, tincidunt nibh quis, dapibus tellus. Curabitur quis odio faucibus, pretium mauris eu, pretium eros. Morbi nec nibh ullamcorper, dignissim arcu sit amet, lobortis ligula. <br><br>Duis fermentum, quam vel sollicitudin rutrum, ex risus ornare dolor, eget volutpat velit purus a purus. Nullam sed iaculis enim. Aenean ac pellentesque sem. Aliquam blandit libero nunc, nec rutrum mi lacinia eget. <p></p><br><p></p>','page',NULL,'enable','{\"1\":\"1\",\"2\":\"0\",\"3\":\"0\"}','1','frontend','','','0','page','',58,0,NULL,NULL,'','2017-11-03 13:18:42','1970-01-01 00:00:00'),
(70,1,'New Sximo 5 Ultimate ( Powefull CMS )','new-sximo-5-ultimate-powefull-cms','Lorem ipsum dolor sit amet, adipisicing elit','<p></p><h3>Introducing Me<br></h3><p>Lorem ipsum dolor sit amet, consectetur adipiscing elit. Ut id mauris \r\nvulputate, luctus erat et, porttitor mauris. Cras ultricies tortor \r\ntempus orci aliquam, congue congue urna molestie. Integer tristique ac \r\nsem sed tincidunt. Suspendisse mattis, tortor a elementum ullamcorper, \r\ntortor elit vestibulum mauris, quis mattis leo lorem vel quam. Nullam \r\nelementum quam et condimentum tempor. Quisque dignissim leo imperdiet \r\nsollicitudin sollicitudin. <br>oncus molestie. Nulla interdum semper magna, eu gravida lorem mollis eget. In sed viverra velit. <br></p>','','1','enable','{\"1\":\"1\",\"2\":\"0\",\"3\":\"0\"}','1','','','','0','post','Sximo ultimate , crud , admin',25,0,'4.jpg',NULL,'4.jpg','2019-11-06 03:34:50','2017-11-02 09:30:39'),
(45,NULL,'Term Of Condition','toc','','<div class=\"section-title\">Term Of Condition</div><p>Suspendisse mattis, tortor a elementum ullamcorper, tortor elit vestibulum mauris</p><blockquote><p>consectetur adipiscing elit. Ut id mauris vulputate, luctus erat et, porttitor mauris. </p></blockquote><p>Cras ultricies tortor tempus orci aliquam, congue congue urna molestie. Integer tristique ac sem sed tincidunt. Suspendisse mattis, tortor a elementum ullamcorper, tortor elit vestibulum mauris, quis mattis leo lorem vel quam. Nullam elementum quam et condimentum tempor. Quisque dignissim leo imperdiet sollicitudin sollicitudin. Praesent laoreet nisl at dolor pharetra consequat. Morbi condimentum egestas nisi, efficitur placerat augue posuere id. Vivamus mattis dolor a urna elementum fermentum. Etiam auctor elementum consectetur.In id neque vel tellus rhoncus molestie. </p><blockquote><p>Nulla interdum semper magna, eu gravida lorem mollis eget. In sed viverra velit. Morbi rutrum ante hendrerit, vehicula dolor at, suscipit elit. Vestibulum a mauris tristique, fermentum est nec, rutrum nibh. Duis in semper metus. Nunc maximus, ex id fringilla sagittis, nisl metus bibendum lacus, quis placerat diam quam sed justo. Nullam varius dapibus purus, et malesuada ipsum pulvinar posuere. Fusce sit amet sem tincidunt, suscipit dolor at, bibendum est. Vivamus porta in lectus sed ultrices. Nam viverra mauris a hendrerit posuere. Donec elementum velit nisi, a eleifend augue blandit hendrerit. Donec id pulvinar est.Integer vitae orci sapien. Integer at urna lorem. Praesent nec ante suscipit, tincidunt nibh quis, dapibus tellus. Curabitur quis odio faucibus, pretium mauris eu, pretium eros. </p></blockquote><p><br></p><p>Morbi nec nibh ullamcorper, dignissim arcu sit amet, lobortis ligula. Duis fermentum, quam vel sollicitudin rutrum, ex risus ornare dolor, eget volutpat velit purus a purus. Nullam sed iaculis enim. Aenean ac pellentesque sem. Aliquam blandit libero nunc, nec rutrum mi lacinia eget. Aenean ultricies, quam ut ultricies ullamcorper, nibh dolor viverra ipsum, ac vestibulum purus ante a massa.Nulla bibendum, lectus eget lobortis vehicula, lectus ante congue augue, in tempus tellus tortor et diam. Phasellus lorem dolor, rutrum sit amet dapibus et, malesuada venenatis enim. Donec tincidunt turpis quam, a convallis eros scelerisque a. Pellentesque habitant morbi tristique senectus et netus et malesuada fames ac turpis egestas. Phasellus eget mi ipsum. Donec non lorem sem. Phasellus sed tortor non ligula congue faucibus vitae imperdiet nisl. </p><p><br></p><p>Cras dolor ante, condimentum at elementum mollis, hendrerit in lorem. Phasellus eu enim ante. Cras erat dui, cursus suscipit sem sit amet, congue varius enim. Nam purus sem, gravida non lacus eget, porta fringilla nibh. Praesent egestas felis at risus ullamcorper, at condimentum mauris scelerisque. Etiam eget eros laoreet, vestibulum dui eu, vehicula leo. Nulla sagittis nibh nibh, sit amet interdum ligula feugiat eget. Aliquam vitae ex tincidunt, facilisis massa ut, viverra sem.Praesent diam justo, fermentum in maximus vitae, tristique vel orci. Integer a facilisis neque. Nunc eu justo urna. Praesent commodo eget diam a commodo. Nulla viverra pulvinar justo sed auctor. Maecenas rutrum tincidunt hendrerit. Nunc fringilla sem id sem suscipit tincidunt. Donec condimentum lobortis sem eget blandit.</p>','',NULL,'enable','','1','frontend','','','0','page','',2,0,NULL,NULL,'','2017-11-03 13:20:26','1970-01-01 00:00:00'),
(47,3,'Printing And Typesetting Industries','printing-and-typesetting-industry','Lorem ipsum dolor sit amet, adipisicing elit','printing and typesetting industry Lorem Ipsum has been the industry\'s standard dummy text ever since the 1500s, when an unknown printer took a galley of type and scrambled it to make a type specimen book.<br><br>printing and typesetting industry Lorem Ipsum has been the industry\'s \r\nstandard dummy text ever since the 1500s, when an unknown printer took a\r\n galley of type and scrambled it to make a type specimen book.<br><hr>\r\n\r\n<div class=\"someclass\" id=\"someid\" markdown=\"1\">\r\n    Insert markdown here greate !<br></div>\r\n\r\nclass PostsController extends Controller<br><br>printing and typesetting industry. Lorem Ipsum has been the industry\'s standard dummy text ever since the 1500s, when an unknown printer took a galley of type and scrambled it to make a type specimen book.<br><br><pre>class PostsController extends Controller {\r\n\r\n	protected $layout = \"layouts.main\";\r\n	protected $data = array();	\r\n	public $module = \'posts\';\r\n	static $per_page	= \'10\';\r\n	public function __construct()\r\n	{\r\n        }\r\n}\r\n\r\n</pre>\r\n\r\n\r\n <br><br>It has survived not only five centuries, but also the leap into electronic typesetting, remaining essentially unchanged. It was popularised in the 1960s with the release of Letraset sheets containing Lorem Ipsum passages, and more recently with desktop publishing software like Aldus PageMaker including versions of Lorem Ipsum\r\n\r\nis simply dummy text of the <br><span style=\"font-weight: bold;\"><br>printing and typesetting industry</span><br><br>Lorem Ipsum has been the industry\'s standard dummy text ever since the 1500s, when an unknown printer took a galley of type and scrambled it to make a type specimen book.\r\n\r\n It has survived not only five centuries, but also the leap into electronic typesetting, remaining essentially unchanged. It was popularised in the 1960s with the release of Letraset sheets containing Lorem Ipsum passages, and more recently with desktop publishing software like Aldus PageMaker including versions of Lorem Ipsum','',NULL,'enable','{\"1\":\"1\",\"2\":\"0\",\"3\":\"0\"}','1','','printing and typesetting industry Lorem','printing ,and typesetting, industry, Lorem,','0','post','Finance , Accounting',71,0,'1.jpg',NULL,'1.jpg','2019-11-03 06:19:41','2019-10-18 00:00:00'),
(48,2,'New Sximo 5.1.6 Sept 2016','new-sximo-5.1.6-sept-2016','Lorem ipsum dolor sit amet, adipisicing elit','<p>is simply dummy text of the printing and typesetting industry. Lorem Ipsum has been the industry\'s standard dummy text ever since the 1500s, when an unknown printer took a galley of type and scrambled it to make a type specimen book. </p><hr><p>It has survived not only five centuries, but also the leap into electronic typesetting, remaining essentially unchanged. It was popularised in the 1960s with the release of Letraset sheets containing Lorem Ipsum passages, and more recently with desktop publishing software like Aldus PageMaker including versions of Lorem Ipsum</p>','','1','enable','{\"1\":\"1\",\"2\":\"0\",\"3\":\"0\"}','1','','','','0','post','Finance , Accounting',48,0,'2.jpg',NULL,'2.jpg','2019-11-10 03:51:26','2017-05-07 00:00:00'),
(50,4,'Remaining essentially unchanged','-remaining-essentially-unchanged','Lorem ipsum dolor sit amet, adipisicing elit','<p>is simply dummy text of the printing and typesetting industry. Lorem Ipsum has been the industry\'s standard dummy text ever since the 1500s, when an unknown printer took a galley of type and scrambled it to make a type specimen book. It has survived not only five centuries, but also the leap into electronic typesetting.</p><hr><p>is simply dummy text of the printing and typesetting industry. Lorem Ipsum has been the industry\'s standard dummy text ever since the 1500s, when an unknown printer took a galley of type and scrambled it to make a type specimen book. It has survived not only five centuries, but also the leap into electronic typesetting,</p>[mpro id=\"2\"] test cotent here [/mpro]','','1','enable','','1','','','','0','post','Finance , Accounting',39,0,'3.jpg',NULL,'3.jpg','2017-11-01 11:34:16','2017-09-03 00:00:00'),
(53,NULL,'Backend Page','page-backend','','<p></p><div style=\"text-align: center;\">I<span style=\"font-size: 18px;\">nteger vitae orci sapien. Integer at urna lorem. Praesent nec ante suscipit, </span></div><div style=\"text-align: center;\"><span style=\"font-size: 18px;\">tincidunt nibh quis, dapibus tellus. Curabitur quis odio faucibus, </span></div><div style=\"text-align: center;\"><span style=\"font-size: 18px;\">pretium mauris eu, pretium eros.</span> <br></div><br>Morbi nec nibh ullamcorper, dignissim arcu sit amet, lobortis ligula. Duis fermentum, quam vel sollicitudin rutrum, ex risus ornare dolor, eget volutpat velit purus a purus. Nullam sed iaculis enim. Aenean ac pellentesque sem. <br><p></p><p><br>&nbsp;Nullam elementum quam et condimentum tempor. Quisque dignissim leo imperdiet sollicitudin sollicitudin. </p><br><p><br></p>','backend',NULL,'enable','','1','backend','','','0','page','',3,0,NULL,NULL,'','2017-10-10 03:28:34','1970-01-01 00:00:00'),
(84,NULL,'FAQ','faq',NULL,'[sc:My fnc=documentation|id=3-faq] [/sc]','fullpage',NULL,'enable','{\"1\":\"1\",\"2\":\"0\",\"3\":\"0\"}','1','frontend',NULL,NULL,'0',NULL,NULL,123,NULL,NULL,NULL,NULL,NULL,NULL);

/*Table structure for table `tb_restapi` */


CREATE TABLE `tb_restapi` (
  `id` int(11) NOT NULL AUTO_INCREMENT,
  `apiuser` int(11) DEFAULT NULL,
  `apikey` varchar(100) DEFAULT NULL,
  `created` date DEFAULT NULL,
  `modules` text DEFAULT NULL,
  PRIMARY KEY (`id`)
) ENGINE=InnoDB AUTO_INCREMENT=2 DEFAULT CHARSET=latin1;

/*Data for the table `tb_restapi` */

insert  into `tb_restapi`(`id`,`apiuser`,`apikey`,`created`,`modules`) values 
(1,1,'vbzt9Q-mZT7K-G8fTmm-pKezp','2017-11-22','comment');

/*Table structure for table `tb_users` */


CREATE TABLE `tb_users` (
  `id` int(11) NOT NULL AUTO_INCREMENT,
  `group_id` int(6) DEFAULT NULL,
  `username` varchar(100) NOT NULL,
  `password` varchar(64) NOT NULL,
  `email` varchar(100) NOT NULL,
  `first_name` varchar(50) DEFAULT NULL,
  `last_name` varchar(50) DEFAULT NULL,
  `avatar` varchar(100) DEFAULT NULL,
  `active` tinyint(1) unsigned DEFAULT NULL,
  `login_attempt` tinyint(2) DEFAULT 0,
  `last_login` datetime DEFAULT NULL,
  `created_at` timestamp NOT NULL DEFAULT current_timestamp(),
  `updated_at` timestamp NULL DEFAULT NULL,
  `reminder` varchar(64) DEFAULT NULL,
  `activation` varchar(50) DEFAULT NULL,
  `remember_token` varchar(100) DEFAULT NULL,
  `last_activity` int(20) DEFAULT NULL,
  `config` text DEFAULT NULL,
  PRIMARY KEY (`id`)
) ENGINE=InnoDB AUTO_INCREMENT=7 DEFAULT CHARSET=utf8;

/*Data for the table `tb_users` */

insert  into `tb_users`(`id`,`group_id`,`username`,`password`,`email`,`first_name`,`last_name`,`avatar`,`active`,`login_attempt`,`last_login`,`created_at`,`updated_at`,`reminder`,`activation`,`remember_token`,`last_activity`,`config`) values 
(1,1,'superadmin','$2y$10$ty.TpWnEjBOk1hoI3M0WIOnyVvrjcyLZ4/7LE9fnBOVRtc4cZekkW','superadmin@mail.com','Root','Admin','1.jpg',1,12,'2021-01-27 08:02:45','2014-03-12 16:18:46','2017-05-05 12:01:33','SNLyM4Smv12Ck8jyopZJMfrypTbEDtVhGT5PMRzxs',NULL,'2HrmdxRIx6GbgUVDheHxTHbo4Bjyg1yiyM5TEfFwy6d04punzeivPYWiZZXK',1485431605,NULL);

